3
Convert -107926 (base 10) to base 2.
-11010010110010110
What is 615574 (base 8) in base 16?
31b7c
Convert -20ba54 (base 14) to base 4.
-10032132122
Convert -213014031 (base 5) to base 7.
-10466312
Convert 36433563 (base 9) to base 5.
14023433311
-1010200210 (base 3) to base 6
-251333
Convert -710373 (base 8) to base 4.
-321003323
3111dd (base 15) to base 13
638917
-24443301 (base 5) to base 15
-495d6
What is -121010101 (base 3) in base 9?
-17111
What is 7da2 (base 14) in base 13?
9c76
What is -492b6c (base 13) in base 11?
-a947a4
What is -214214031 (base 5) in base 12?
-38992a
What is -8b023a (base 13) in base 12?
-1124b9a
14ba57 (base 12) to base 3
122220020211
54140500 (base 8) to base 14
177770c
-43504012 (base 6) to base 11
-808341
-1010010010110 (base 2) to base 13
-2525
Convert 914bb (base 12) to base 5.
22022241
-2134213 (base 8) to base 12
-2368b7
What is -23340656 (base 7) in base 8?
-7670151
What is -7544858 (base 11) in base 2?
-110010101000000000111101
What is 115296 (base 10) in base 3?
12212011020
What is 2e8679 (base 15) in base 7?
25114104
936589 (base 10) to base 4
3210222031
-21314310 (base 5) to base 6
-3524411
-268b1c7 (base 13) to base 8
-56223733
Convert 1a8891 (base 13) to base 11.
42193a
What is 23403001 (base 8) in base 14?
97166d
29944 (base 14) to base 9
166685
Convert -6a7c83 (base 13) to base 11.
-1479542
What is -4aa72 (base 15) in base 12?
-b60bb
Convert -10000020102112 (base 3) to base 6.
-54134452
What is 1001011000101001000 (base 2) in base 13?
a9c90
36298b4 (base 12) to base 9
21686881
Convert -5d3b9 (base 16) to base 7.
-3150233
Convert 410615 (base 8) to base 10.
135565
What is 60a58 (base 13) in base 2?
101010010001001001
What is -3127de (base 15) in base 5?
-1044243114
-ba22c (base 15) to base 16
-9050d
Convert -203232223 (base 5) to base 9.
-1514484
-1003205 (base 7) to base 12
-588a5
Convert 24406052 (base 7) to base 13.
5b75b2
What is 26106340 (base 7) in base 11?
1380152
Convert 32613 (base 12) to base 8.
201757
What is -230313122 (base 4) in base 3?
-100100002022
Convert 2a9960 (base 13) to base 16.
1003e0
What is 139064 (base 13) in base 15?
9643b
What is 3311201321 (base 5) in base 4?
123031011011
What is -1110110010011001001 (base 2) in base 11?
-301063
-a963d5 (base 16) to base 6
-1033534101
Convert -1112030120 (base 4) to base 6.
-11322252
What is 1443333 (base 5) in base 14?
b48d
What is 857734 (base 9) in base 14?
d428a
-2552537 (base 9) to base 8
-5240275
853a (base 16) to base 5
2042411
What is 5236405 (base 7) in base 16?
9a219
Convert 262110 (base 7) to base 16.
be7a
What is -102330300310 (base 4) in base 2?
-10010111100110000110100
-101000000001110011101111 (base 2) to base 13
-2235199
What is 30130003202 (base 4) in base 6?
153515322
What is 130012333102 (base 4) in base 13?
16acc6b
-6642623 (base 8) to base 13
-4a7684
-5115799 (base 11) to base 15
-bd8ca7
589489 (base 11) to base 10
934943
-5648286 (base 9) to base 16
-2e71e7
Convert 2330323401 (base 5) to base 8.
24235521
13440423214 (base 5) to base 15
180e5c4
1100130434 (base 5) to base 8
10753505
Convert -65154621 (base 7) to base 3.
-101110110212210
What is -21511454 (base 6) in base 16?
-9dfba
What is -4649 (base 12) in base 16?
-1e99
What is 276763 (base 8) in base 11?
67510
What is 33333201 (base 5) in base 15?
5bbd6
-11412440 (base 5) to base 16
-1a2ed
-778345 (base 13) to base 7
-32642113
Convert -428227 (base 12) to base 11.
-658653
-5215371 (base 8) to base 15
-1c4c5b
What is 37233 (base 12) in base 11?
51087
What is 1580620 (base 9) in base 7?
10322442
Convert 23140052 (base 6) to base 16.
ae080
44702aa (base 12) to base 14
1a48750
Convert -20476031 (base 8) to base 15.
-5b1015
Convert -1311333333 (base 4) to base 8.
-1657777
-470182 (base 9) to base 8
-1047246
Convert 3402004 (base 5) to base 6.
1140021
Convert 27138 (base 12) to base 8.
150774
Convert -12201101222 (base 3) to base 5.
-12100222
Convert -1133303033 (base 5) to base 8.
-12032020
10bd34 (base 15) to base 10
799474
What is -104412312 (base 5) in base 7?
-3652204
What is 1002200210010 (base 3) in base 15?
b82b9
What is 23444140 (base 6) in base 8?
2637434
-11111100010101 (base 2) to base 6
-202433
What is -201222010220 (base 3) in base 6?
-12231340
4342061 (base 9) to base 6
121542044
64ad3 (base 15) to base 8
1160322
-3500122 (base 6) to base 3
-100002101212
Convert 11410130134 (base 5) to base 9.
27128474
What is 45378 (base 9) in base 3?
1112102122
What is 11031033102 (base 4) in base 7?
14413302
What is 222222121 (base 5) in base 12?
3b1160
Convert -42917 (base 12) to base 13.
-30c04
What is -3243115 (base 6) in base 16?
-27677
-1c39bca (base 13) to base 14
-1365d26
What is -752137 (base 9) in base 11?
-28641a
499d16 (base 15) to base 6
203330050
Convert 4abb (base 13) to base 2.
10100110001000
What is 101010011111101101100 (base 2) in base 16?
153f6c
Convert -11012020212 (base 3) to base 11.
-57037
-201330022 (base 4) to base 15
-2b2cd
211210221010122 (base 3) to base 2
101110001111110011101000
What is 150061 (base 14) in base 5?
141324424
Convert 204100100 (base 5) to base 11.
52931a
What is 96327 (base 10) in base 12?
478b3
-153335421 (base 6) to base 16
-318e65
20201011 (base 3) to base 8
11433
-bbdc1 (base 14) to base 6
-13432405
Convert -262707 (base 11) to base 16.
-64f18
-4224 (base 5) to base 7
-1434
-5016467 (base 8) to base 7
-14130101
-785c77 (base 13) to base 8
-12654112
20132131213 (base 4) to base 12
8b1a07
Convert 26696 (base 13) to base 5.
4241231
-227096 (base 12) to base 5
-120120341
-4193b0 (base 14) to base 12
-8a9aba
-130303110203 (base 4) to base 7
-121114241
What is -2228b37 (base 13) in base 9?
-21631882
Convert -15391d (base 15) to base 3.
-1221001121001
2a7c7 (base 14) to base 2
11001110101011011
Convert 1044264 (base 9) to base 14.
108549
Convert -320210 (base 14) to base 4.
-12130301112
Convert -1c487 (base 16) to base 7.
-661514
What is 501014 (base 6) in base 3?
1222122101
What is -15011313 (base 6) in base 12?
-209b39
What is 407105 (base 8) in base 12?
65b71
21001120112211 (base 3) to base 16
393cc1
What is 100214232 (base 5) in base 7?
3245355
17b0870 (base 12) to base 3
100022211220210
What is -789b5 (base 16) in base 9?
-832574
Convert -1541120512 (base 6) to base 16.
-12be07c
What is -19d35 (base 16) in base 6?
-2133421
Convert 57949 (base 12) to base 9.
187603
Convert 131344122 (base 5) to base 6.
21555153
-413460 (base 9) to base 10
-245322
-2313222 (base 6) to base 12
-58812
Convert -220110100211011 (base 3) to base 14.
-1a24c03
Convert -161a052 (base 11) to base 16.
-2a3433
What is 4130415 (base 7) in base 4?
1320303132
-34a49 (base 14) to base 6
-2425425
What is 43126 (base 12) in base 13?
31266
What is -2111000112 (base 3) in base 15?
-e722
What is -23213 (base 8) in base 2?
-10011010001011
What is 1051414144 (base 6) in base 7?
200143633
What is 142815 (base 10) in base 2?
100010110111011111
Convert -1313473 (base 8) to base 16.
-5973b
What is -2b08498 (base 12) in base 2?
-100001010001110010110100
What is 3110505 (base 6) in base 12?
72435
23899 (base 11) to base 12
17a67
776799 (base 11) to base 9
2287257
-930c3 (base 13) to base 4
-1000121313
-2188540 (base 9) to base 15
-184c7c
What is 6604f (base 16) in base 10?
417871
Convert 1767067 (base 8) to base 10.
519735
Convert 5869b (base 12) to base 9.
200472
What is -1001100001100001000000 (base 2) in base 8?
-11414100
Convert -949d52 (base 14) to base 6.
-255343112
Convert -2124bc (base 15) to base 2.
-110000001000011110010
Convert -3231770 (base 8) to base 13.
-243ac5
What is -489d0 (base 14) in base 2?
-101011010110011010
-152531 (base 12) to base 10
-356725
1365122 (base 10) to base 6
45132002
2767034 (base 8) to base 2
10111110111000011100
What is -5fac (base 16) in base 13?
-b1c0
-263530 (base 12) to base 15
-c6130
-32314112 (base 6) to base 3
-1210201000122
-16500309 (base 10) to base 15
-16adea9
What is 33140133 (base 5) in base 7?
2303332
What is -5545142 (base 6) in base 12?
-1151b2
What is 1117203 (base 8) in base 2?
1001001111010000011
Convert 111001111100001000 (base 2) to base 3.
110001112122
What is -1588b4c (base 13) in base 9?
-14033811
Convert 12021420413 (base 5) to base 3.
222002001001202
Convert -30210231 (base 4) to base 6.
-1034233
Wh